common divisor of 57 and 91257.
57
What is the highest common factor of 2271959 and 332?
83
What is the greatest common divisor of 585 and 3435?
15
What is the highest common divisor of 218916 and 8?
4
What is the greatest common divisor of 3302 and 9074?
26
Calculate the highest common divisor of 7348 and 33.
11
Calculate the greatest common divisor of 29 and 85231.
29
What is the highest common factor of 922428 and 73?
73
What is the highest common divisor of 51 and 1125?
3
Calculate the greatest common divisor of 156 and 103038.
78
Calculate the greatest common divisor of 58 and 2547099.
29
Calculate the highest common divisor of 59976 and 4928.
56
Calculate the greatest common divisor of 1268379 and 54.
27
What is the highest common divisor of 294 and 522144?
294
What is the highest common factor of 690510 and 570?
30
Calculate the highest common factor of 431624 and 24.
8
Calculate the highest common factor of 431493 and 3.
3
Calculate the highest common factor of 86 and 42.
2
Calculate the highest common factor of 2464 and 9086.
154
What is the highest common divisor of 1039293 and 1073?
37
Calculate the greatest common divisor of 23476 and 4.
4
What is the highest common divisor of 3432 and 18486?
78
Calculate the highest common factor of 235 and 158860.
235
What is the highest common divisor of 154 and 7126?
14
Calculate the highest common factor of 299478 and 2442.
222
Calculate the greatest common factor of 716674 and 142.
142
What is the greatest common divisor of 1055916 and 180?
36
What is the greatest common factor of 2728 and 56947?
341
Calculate the greatest common divisor of 12 and 1017714.
6
What is the highest common factor of 465558 and 62?
62
Calculate the greatest common divisor of 1076919 and 18.
3
What is the highest common divisor of 326 and 37653?
163
What is the highest common factor of 112 and 533848?
56
What is the greatest common divisor of 26803 and 5831?
49
What is the highest common divisor of 438 and 72489?
219
Calculate the highest common divisor of 7009 and 489.
163
Calculate the greatest common divisor of 24300 and 3888.
972
What is the greatest common divisor of 89286 and 2553?
69
What is the greatest common divisor of 30875 and 5225?
475
What is the greatest common divisor of 277840 and 230?
230
What is the highest common factor of 171600 and 390?
390
What is the greatest common factor of 16 and 20480?
16
Calculate the greatest common factor of 1696 and 27242.
106
Calculate the highest common divisor of 678 and 48.
6
What is the highest common divisor of 1179 and 27641?
131
What is the greatest common divisor of 301 and 173935?
43
Calculate the greatest common divisor of 2485 and 4025.
35
Calculate the greatest common factor of 64 and 293504.
64
What is the greatest common divisor of 2871360 and 288?
288
What is the greatest common divisor of 304 and 182432?
16
What is the highest common divisor of 7969 and 82755?
613
Calculate the greatest common divisor of 658 and 5097197.
329
What is the highest common divisor of 1902341 and 359?
359
What is the highest common factor of 3664812 and 12?
12
What is the highest common factor of 570417 and 321?
321
Calculate the greatest common factor of 140 and 474698.
14
Calculate the greatest common divisor of 688 and 1048.
8
Calculate the greatest common divisor of 6042 and 41658.
318
What is the greatest common divisor of 301 and 9877?
7
What is the highest common divisor of 42107 and 5330?
533
What is the highest common divisor of 39 and 11791?
13
What is the greatest common factor of 72 and 235824?
24
What is the greatest common factor of 4303 and 351?
13
Calculate the highest common divisor of 2 and 4391.
1
What is the greatest common factor of 526 and 86?
2
Calculate the greatest common divisor of 792798 and 1832.
458
What is the highest common factor of 476 and 3668?
28
Calculate the greatest common divisor of 364080 and 240.
240
What is the greatest common divisor of 9475 and 75?
25
Calculate the greatest common factor of 2852 and 116.
4
What is the greatest common factor of 344 and 918910?
86
What is the highest common divisor of 1536 and 4192?
32
Calculate the highest common factor of 175780 and 1175.
235
Calculate the highest common divisor of 50067 and 9.
9
Calculate the highest common factor of 2 and 132338.
2
What is the highest common divisor of 372321 and 82?
41
What is the greatest common factor of 14 and 54775?
7
Calculate the highest common divisor of 5136 and 1008.
48
Calculate the highest common factor of 87 and 4704786.
87
Calculate the highest common factor of 219060 and 40.
20
What is the greatest common factor of 4 and 32844?
4
What is the highest common factor of 9384 and 207?
69
Calculate the greatest common factor of 162467 and 37.
37
What is the greatest common factor of 43 and 102512?
43
What is the greatest common divisor of 693 and 261?
9
What is the greatest common factor of 27528 and 1036?
148
Calculate the greatest common factor of 319 and 11099.
11
What is the highest common divisor of 6649 and 25559?
61
What is the highest common divisor of 8848 and 24976?
112
Calculate the greatest common divisor of 1255 and 120229.
251
Calculate the highest common divisor of 10603038 and 174.
174
What is the greatest common factor of 615 and 129970?
205
What is the greatest common factor of 379728 and 768?
48
Calculate the greatest common factor of 348789 and 357.
357
What is the greatest common factor of 524 and 135061?
131
What is the greatest common factor of 17801 and 357?
7
Calculate the greatest common divisor of 333 and 26455.
37
Calculate the highest common factor of 47895 and 1605.
15
What is the highest common factor of 8890 and 7?
7
Calculate the greatest common factor of 192 and 852672.
192
Calculate the greatest common factor of 49936 and 32.
16
Calculate the greatest common divisor of 436 and 302148.
436
Calculate the highest common factor of 4048 and 3421.
11
What is the greatest common factor of 8 and 1651?
1
Calculate the greatest common factor of 252 and 542493.
63
What is the greatest common factor of 3288487 and 123?
41
What is the highest common divisor of 729736 and 664?
664
What is the highest common factor of 965 and 56163?
193
What is the highest common divisor of 450 and 5049?
9
What is the greatest common factor of 12408 and 36?
12
What is the greatest common factor of 188 and 6591656?
188
What is the highest common divisor of 5375 and 4000?
125
What is the highest common factor of 625 and 3833750?
625
What is the highest common factor of 375949 and 301?
301
What is the greatest common divisor of 523 and 280851?
523
Calculate the greatest common divisor of 8763300 and 1050.
1050
Calculate the greatest common divisor of 1584 and 186.
6
Calculate the greatest common divisor of 39522 and 6398.
14
What is the greatest common divisor of 1305133 and 331?
331
Calculate the highest common divisor of 2616 and 23217.
327
Calculate the greatest common factor of 2158 and 7072.
26
What is the greatest common factor of 205231 and 455?
13
What is the highest common factor of 144 and 3252?
12
What is the greatest common divisor of 441 and 2043?
9
What is the highest common factor of 17034 and 54?
6
Calculate the highest common divisor of 196 and 310366.
98
What is the highest common factor of 85 and 27319?
17
What is the highest common factor of 166662 and 394?
394
Calculate the greatest common divisor of 6865933 and 331.
331
Calculate the highest common factor of 510785 and 407.
407
Calculate the greatest common divisor of 12 and 127068.
12
What is the highest common divisor of 245518 and 133?
133
Calculate the greatest common divisor of 57771 and 152091.
1179
Calculate the highest common factor of 1967 and 620729.
281
What is the greatest common divisor of 20168 and 1648?
8
Calculate the greatest common factor of 62186 and 62.
62
Calculate the highest common factor of 266 and 4177454.
38
Calculate the highest common divisor of 492 and 1738236.
492
What is the highest common factor of 2091 and 11441?
17
What is the highest common factor of 9287 and 1332?
37
Calculate the highest common divisor of 34 and 26537.
17
What is the highest common divisor of 308885 and 3260?
815
What is the highest common factor of 2 and 29696?
2
Calculate